is the highest common divisor of 304 and p?
19
Suppose 10 = 4*o - 3*y - 7, -2*y = o - 7. Let d be 181/o + 2*1/(-10). Calculate the highest common divisor of 288 and d.
36
Let z(s) = 2*s**2 + 11*s - 100. Let y be z(-13). Suppose -94*x + y*x = 42. Calculate the highest common factor of 294 and x.
42
Let g = -112 - -184. Let d(y) = -y**2 + 54*y + 71. Let o be d(55). What is the highest common factor of g and o?
8
Let r(t) = 6*t**2 - 29*t - 28. Let y be r(6). Suppose 252 = -2*q - q. Let o be (q + 0)/((-14)/21). What is the highest common divisor of y and o?
14
Let k(l) = -5*l**3 - 8*l**2 - l - 5. Let t be k(-4). Let s = -159 + t. What is the greatest common divisor of s and 416?
32
Suppose -3*x = -h + 3 + 3, -5*h = -5*x - 60. Let z be 3/h + (-27)/(-15). Suppose -z = 7*i - 9. What is the highest common divisor of 1 and i?
1
Let u(v) = -v**2 + 15*v - 25. Suppose -3*y = -3*l + 45, -9*l + 3 = -10*l - 5*y. Let q be u(l). What is the greatest common factor of 979 and q?
11
Suppose 5*n = -2*h + 42, 0 = -4*n + 11 - 3. Let u = 8548 - 8244. What is the greatest common factor of u and h?
16
Let b be 7876/14 - (-14 + (-1584)/(-126)). What is the highest common factor of b and 8?
4
Suppose -6*z + 8 = -4. Let n be -7*(z + -1)*-7. Calculate the greatest common factor of 196 and n.
49
Suppose -5*f - 2*m = -19, -8*f = -6*f - 3*m. Suppose 5*n = 5*s + f*n - 364, -4*n = -4*s + 284. Let l = s - -41. What is the greatest common factor of l and 5?
5
Suppose 3*z - 177 = -4*a, 7 = 3*a + 2*z - 125. Suppose 20*c = 24*c - 3*k - a, -6 = 3*k. Calculate the greatest common factor of c and 81.
9
Let m be (-120)/36 + (-184)/(-12). Let c(o) = -o**3 + 15*o**2 - 14*o + 3. Let p be c(14). What is the greatest common factor of m and p?
3
Let x(n) = n**3 + 6*n**2 - 9*n + 7. Let u be x(6). Let y be -11 + (-1380)/(26 - 56). What is the highest common factor of y and u?
35
Let s = -27112 - -27246. What is the highest common divisor of s and 9581?
67
Let s be (-207)/(-11) - 6/(-33) - (-124 + 124). What is the highest common divisor of s and 19?
19
Let z be (928/72)/(4 - 68/18). Suppose -5*o - 90 = -5*s, -3*s - 3*o + z = -8*o. Calculate the highest common factor of s and 496.
16
Let w = 9439 - -7227. Calculate the greatest common factor of 26 and w.
26
Let v = 538 + -314. Calculate the highest common divisor of v and 624.
16
Let s = 1769 - 916. Let q = s + -615. Calculate the greatest common divisor of 102 and q.
34
Let h = -139 + 161. Let j be 26/143 - (-1052)/h. What is the greatest common factor of 12 and j?
12
Suppose f - 76 = -3*b, f = -f + 5*b + 130. Suppose -1059*m + 1057*m + 20 = 0. Calculate the highest common divisor of f and m.
10
Let w be ((-1)/2)/((-62)/20 - -3). Let c = w + -2. Suppose -4*l + 15 = c. Calculate the highest common divisor of 21 and l.
3
Let v = -12175 - -12578. What is the highest common factor of 13 and v?
13
Suppose -6 = t - 2. Let v be (t - -3)*-5*16. Suppose 3*p - 2*l - 42 = 0, -83 = -2*p - 3*p - l. Calculate the highest common factor of v and p.
16
Let n be ((-56)/(-35))/((-2)/(-5)). Suppose -n*m - 327 = -5*f, -15 = 4*f + 2*m - 261. Calculate the highest common factor of 9 and f.
9
Let t(p) be the first derivative of 11*p**2/2 + 97*p - 101. Let b be t(-8). Calculate the highest common factor of b and 225.
9
Suppose r + 39 = -4*q, 2*r + 85 = -2*q - 17. Let c = r - -58. What is the greatest common factor of c and 6?
3
Suppose -4*x = -3*l - 15837, 38*x - 34*x - 4*l = 15836. What is the greatest common factor of 55 and x?
55
Suppose 5*i = g - 211, -3*g + 3974*i - 3977*i = -543. Calculate the highest common factor of g and 52638.
186
Suppose -5*i - 13 = 3*b, i = -b - 4*b + 15. Suppose -4*q - 332 = t, -1 + 317 = -b*q - 5*t. Let a = 87 + q. Calculate the greatest common factor of a and 3.
3
Suppose -h + 32 = -9*h. Let z be 590/18 + h/(-18). Calculate the highest common divisor of 44 and z.
11
Suppose j + 4*n - 980 = 0, 105*j - 109*j = n - 4040. Calculate the highest common factor of 2484 and j.
92
Suppose u = 5*f - 57, -5*u - 20 = f - 47. Calculate the greatest common divisor of 1878 and f.
6
Suppose -y - 81 = -5*a, -5*a + 4*a - 3*y = -13. Let p be a/(-2) + 2842/29. What is the greatest common factor of p and 126?
18
Let d = -244 + 394. Suppose 12*w - d = 2*w. What is the highest common divisor of 30 and w?
15
Suppose 3010 = -h + 6*h. Suppose -h*r = -596*r - 66. Calculate the highest common factor of 176 and r.
11
Let b be ((-2190)/(-75) + 14)/((-3)/(-10)). Calculate the greatest common divisor of b and 4400.
16
Let g(v) = v**3 + 3*v**2 + 23*v - 152. Let j be g(6). Calculate the greatest common factor of j and 1457.
31
Suppose 147 = 3*i + 3*k - 81, 236 = 3*i + k. Suppose -5*c + 355 = -p - 0*p, 5*p + 25 = 0. Let b = i - c. Calculate the greatest common divisor of 70 and b.
10
Suppose 0 = -3*c - 246 + 807. Calculate the highest common factor of c and 22.
11
Let j = 118 + -87. Suppose 0 = j*b - 9*b - 4158. Calculate the greatest common divisor of b and 21.
21
Let w(o) = -6*o**2 - 110*o - 117. Let n be w(-17). Calculate the highest common factor of 18050 and n.
19
Let h be (-2)/1*(1 + -22). Let m = 1029 + -707. Suppose -m = -12*y - 11*y. Calculate the greatest common divisor of y and h.
14
Let a(h) = 188*h - 1329. Let k be a(8). What is the highest common factor of k and 119?
7
Let x(d) = 3*d**2 - 2*d - 22. Let i be x(9). Suppose -128*p = -115*p - 377. Calculate the highest common factor of i and p.
29
Suppose 8*o - 238 = 82. Let d = -25 + o. Suppose 3*i - d - 3 = 0. Calculate the greatest common factor of i and 48.
6
Let n(h) = h**3 - 3*h**2 - h + 2. Suppose -5*u + 12 + 3 = 0. Let i be n(u). Let t be ((3 - -2) + -8)/(i/4). Calculate the highest common divisor of t and 84.
12
Suppose -22*j + 0*j - 308 = 0. Let t be (-1)/(6/j) - (-2)/3. What is the highest common factor of 9 and t?
3
Suppose -26 = 20*y - 26. Suppose 3*l + 19*r - 23*r - 120 = y, 0 = -5*l + r + 200. Calculate the highest common divisor of 5 and l.
5
Let j = 212 + -180. Suppose 2*l = -s + j, 3*s = -4*l + 56 + 48. Calculate the highest common factor of 60 and s.
20
Let p(k) = 3*k**3 + 60*k**2 + 23*k - 27. Let x be p(-13). What is the highest common factor of x and 44?
11
Let o(l) = 278*l + 8121. Let q be o(-27). Calculate the greatest common factor of 10 and q.
5
Let u = 94 + -293. Let j = -196 - u. Calculate the greatest common divisor of 6 and j.
3
Let r be (-2)/12*-9 + 0 + (-35)/(-70). What is the greatest common divisor of r and 5414?
2
Let v be 6/(-8) + 34944/1536. What is the highest common divisor of v and 37?
1
Suppose -1254 = 177*o - 183*o. Suppose -4*m + 39 + o = 0. Calculate the highest common divisor of 124 and m.
62
Let l = 197 - 191. Suppose -l = -k + 14. Calculate the highest common factor of 4 and k.
4
Suppose -6*t = -24*t + 162. Suppose -8*h + 7*h + 63 = 0. Calculate the highest common divisor of t and h.
9
Suppose -2*q = -8 - 40. Let i be 4/(-3) - (-1)/3. Let v be ((-8)/q)/(i/48). Calculate the greatest common divisor of 16 and v.
16
Let i(t) = -2*t + 25. Let d(f) = f + 19. Let r be d(-9). Let c be i(r). Suppose -c*x + 398 = -502. What is the greatest common factor of x and 36?
36
Let s = -14095 - -15657. Calculate the highest common factor of s and 286.
22
Suppose 12*p - 14*p = -4. Suppose 0 = p*q - 2*f - 2, 4*f + 0*f = -5*q - 13. Let z be 160/(-64)*(q - (-1 + 2)). What is the greatest common factor of 15 and z?
5
Let n = 30422 - 29387. What is the highest common divisor of n and 2300?
115
Let v = 36 + -26. Let j be 40*-1*(-32)/v. Suppose z + 2*h - 16 = 0, 5*z + 80 = 10*z + 3*h. What is the greatest common divisor of j and z?
16
Suppose -2*h - 22 = 6. Let z = -62 + h. Let f be 3*z/(-4)*(-1)/(-3). Calculate the greatest common divisor of f and 95.
19
Let c(u) = -u**2 + 12*u + 1. Let h be c(9). Let l = 33 - h. Let o be (-45)/25*10/(-4)*10. What is the greatest common divisor of l and o?
5
Suppose -2*j - 2*t + 186 = 0, -2*t + 3 + 7 = 0. Let a be ((-6)/(-54) - (-61)/(-63))/(33/(-308)). Calculate the highest common divisor of a and j.
8
Suppose 0 = -4*j - 4*s + 50615 - 10355, 0 = 5*j + 3*s - 50319. Calculate the highest common divisor of 13 and j.
13
Let z be (25 + 17 - -21)*(128 + 1). Calculate the highest common factor of 567 and z.
189
Let l(t) = 2*t - 31. Let j be l(17). Suppose -j*z